+ 0*g + 13490 = 5*p, 0 = -p + 2*g + 2685. Suppose 0 = 5*b + 2*s - p, 0 = -4*b - 5*s + 379 + 1794. Is b a prime number?
False
Let k = 29331 + -1984. Let i = k - 14938. Is i prime?
True
Let s be 48/(-32) - (-6)/(-4). Let o be (-3 + (s - 1082 - -2))*-1. Is (o/12 + 5)*10 a prime number?
False
Let t(v) = 42*v - 19. Let c be t(4). Suppose 155*z = c*z + 11526. Is z a composite number?
True
Suppose -5*u + 5*o + 401 + 6234 = 0, -3*u = -2*o - 3980. Let j be 8/10*(-1 + u). Is (-3)/(-2) + j/8 a composite number?
True
Let v be 1713/(-2)*((-10 - -2) + -2). Suppose 5*u - 2980 = v. Let k = 4132 - u. Is k prime?
True
Let p be 8/(-10)*(676/(-8) - 3). Suppose 627 = y - p. Is y a prime number?
False
Let n(h) = 115*h - 114. Suppose 0 = -5*a + 2*r + 19 + 114, a - r - 29 = 0. Is n(a) a prime number?
False
Suppose -2*i + 3*f + 1351298 = 0, 3*i - 3852 = f + 2023109. Is i a prime number?
False
Let w(x) = -25*x - 16. Let i(c) = -c**3 - 8*c**2 + c + 11. Let u be i(-8). Let z(v) = -25*v - 16. Let h(m) = u*w(m) - 4*z(m). Is h(7) composite?
False
Suppose -208*c = -2595151 - 8567169. Is c prime?
False
Let n be (3 + 36/(-10))*(-500)/150. Let r(w) = -225*w + 1. Let b be r(-1). Is 0 + b/n*1 a composite number?
False
Let y(i) = 4*i**2 - 2*i - 5*i - 24 - 3*i**2 - 5*i. Let d be y(12). Is (-2)/((d/586)/6) a composite number?
False
Let m = -48 + 48. Suppose 4*y - 6*a = -2*a - 20, m = -5*y - 4*a - 43. Is (-3)/y - 3888/(-189) a composite number?
True
Let f(t) = -169*t**3 + t - 2. Let u be f(-2). Let g = 2517 + -2505. Suppose -7784 = -g*a + u. Is a composite?
False
Let y be (-6)/(-18) + (-64)/(-6). Let j be -5 - (4 - y) - 2. Suppose 4*m + j*m + 3*w - 3884 = 0, -m = 3*w - 962. Is m a prime number?
False
Let y = -22 - -61. Let a = y - 34. Let q(j) = 30*j - 11. Is q(a) prime?
True
Suppose -5*o + 15277 = -3*g, -2*o = 4*g - 7*o + 20366. Is (g/7 + -7)*-1 prime?
False
Let r(f) = 2*f**3 + 9*f**2 + 11*f + 6. Let y be r(8). Let o = y + 207. Is o prime?
True
Let n = 134 + -318. Let p = 67 - n. Is p prime?
True
Suppose -1890 = 5*p - 4*b, 8*p = 6*p - b - 769. Suppose 4*u = -u - 2*w + 30, -5*u = -3*w - 55. Is ((-6)/u + (-12)/(-48))*p a composite number?
False
Let a be 5 - (-2 + 3 + -4 + 5). Suppose 0 = -3*q - 9, 0 = -v - a*v + 4*q + 4840. Is v a composite number?
True
Is (6 - 10)*3447295/(-20) composite?
False
Let t(u) = -3*u - 214*u**2 + 20*u + 458*u**2. Is t(5) composite?
True
Let c(q) = 0*q - 33 - 3*q + 38. Let y be c(1). Is ((-161)/y)/(3 + (-35)/10) a composite number?
True
Let b be 5/6 - (-35)/(-42). Suppose -h + 5608 - 311 = b. Is h prime?
True
Let a be 34/(-4)*36/(-6). Let w(g) = -a*g - 31 - 44*g - 3. Is w(-7) a composite number?
False
Is (-8812)/(-18*(-20)/(-2610)) a prime number?
False
Let d(v) = -v**2 - 10*v + 30. Let j be d(-9). Suppose -j*k + 269596 + 592499 = 0. Is k composite?
True
Suppose 12 = 11*v - 7*v. Suppose 0 = v*t - 0*t - 1854. Let i = t - 439. Is i composite?
False
Let m(y) = -2*y**3 - 2*y**2 - 14*y - 5. Let u be 13/4 - (-3 - 26/(-8)). Suppose u*x + x + 24 = 0. Is m(x) composite?
False
Is 3088869 - (15 + 444/(-12)) a composite number?
True
Suppose 0 = -d + 4*w - 7982, 3*d - 1780 = -4*w - 25662. Let s = -3009 - d. Is s prime?
True
Suppose 2*m - 5*y - 19 = -2*y, 3*m - 3 = -4*y. Let o(k) = 70*k + 8. Let g be o(m). Suppose -4*u - g = -1794. Is u composite?
False
Let b(c) = 3*c**3 + 43*c**2 - 45*c + 11. Let a(s) = -s**3 - 21*s**2 + 23*s - 6. Let i(t) = 5*a(t) + 2*b(t). Is i(21) a prime number?
True
Suppose -21*f - 122 = 2*f + 108. Let v(r) = r + 5*r**2 + 2 + 0 + 5. Is v(f) composite?
True
Let j(w) = 2335*w**3 + 3*w**2 - 25*w + 56. Is j(3) a prime number?
False
Let c(x) = 6*x + 56. Let w be c(-13). Is (-206174)/w + 12/(-22) a prime number?
True
Suppose 0 = -2*k + 6 + 2. Suppose 14 = k*z - 2. Suppose 5*x - 680 = -z*q + 2459, 4*x + 2*q = 2516. Is x a prime number?
True
Let i(d) = -9*d - 4. Let l be i(-2). Suppose -462 = -l*x + 11*x. Suppose 6*z = 4624 - x. Is z a prime number?
False
Let s(v) = 8*v**2 - 15*v + 108. Suppose d = w - 39, 187 = 5*w - 9*d + 6*d. Is s(w) a composite number?
True
Let g be 40810/5 + 7/(21/12). Suppose 5*r - 4*r - 3*m = 8158, 5*m + g = r. Is r prime?
False
Suppose -10 = 2*o, -163709 = -5*u + o + 111331. Is u composite?
True
Let k be (-8)/10 + -22*(-8)/(-80). Is 27950 - (k + (4 - -8)) prime?
True
Suppose -4*c = 1 + 3. Let k(v) = 11*v**2 - v - 2. Let a be k(c). Suppose 0 = -a*h + 9*h + 1657. Is h a composite number?
False
Let d(f) = -2*f**2 + 5*f + 20. Let t be d(10). Let u = t + 516. Suppose u = 3*q + 5*b, 1 = -2*b + 3. Is q prime?
True
Let t = -18981 - -71470. Is t a prime number?
True
Let l(c) = 855*c + 92. Let s(z) = 428*z + 45. Let w(r) = 3*l(r) - 7*s(r). Is w(-10) a composite number?
False
Let u(j) = 105457*j - 2993. Is u(6) a composite number?
True
Suppose 4*z + 5*k = 9*z - 5, -5*z = 5*k - 15. Suppose -z*q + 3521 = 5*q. Let y = q - 318. Is y prime?
False
Suppose -33 = -9*u + 3. Suppose u*i - 5*v + 34306 = -15502, i + 12452 = -v. Let n = -1893 - i. Is n a composite number?
False
Let b = 42852 - 23825. Is b prime?
False
Suppose 85*o - 4081 = 84*o. Let p = o + -1878. Is p composite?
False
Let u = 696289 - 291044. Is u a composite number?
True
Let u(h) = -3*h**3 - 8*h**2 - h + 11. Let q be (2 + 40/(-15))*(-15)/(-2). Let n be u(q). Suppose -747 - n = -7*c. Is c a prime number?
False
Suppose 5618969 = 3*h - 4*n + 1433396, -5*h = -2*n - 6975955. Is h prime?
False
Suppose 4*j - 3296 = 2*y, -4*j - 4954 = -2*y + 5*y. Let q = y - -3811. Is q a prime number?
True
Let b = 1619 - 1619. Suppose 17 = 4*s - 5*i, 0 = 3*s - 8*s + 4*i + 19. Suppose b = s*c - 1609 + 544. Is c prime?
False
Suppose 0 = b + y - 1, 0 = 2*b + 4*y - 4. Suppose -3*k + 15 - 6 = b. Suppose -4*m = k*m - 7189. Is m composite?
True
Suppose -k = -2, 4*x + 2*k + 0 = 12. Suppose -q - 3 = -7. Suppose -118 - 833 = -5*z - u, 0 = -x*z - q*u + 366. Is z a composite number?
False
Let a(u) be the first derivative of u**6/60 - u**5/15 - 5*u**3/6 - 2*u**2 - 20. Let z(p) be the second derivative of a(p). Is z(5) a prime number?
False
Let d(j) = -8*j**2 - 3*j - 5. Let z(l) = 15*l**2 + 5*l + 10. Suppose 16*p - 22 = 14*p. Let b(s) = p*d(s) + 6*z(s). Is b(-8) a prime number?
True
Suppose 14*t + 85421 = 21*t. Let j = t - 4456. Is j prime?
False
Suppose -2*d + 149 = 2*i + 3*d, 2*i - 140 = 4*d. Let n = -77 - i. Let w = n + 348. Is w a prime number?
True
Suppose 0 = -21*s + 83 + 106. Suppose -3*v - s = 0, -i + 6097 = 4*v - 3360. Is i a prime number?
False
Let k(p) = -6*p**3. Let b be k(-1). Suppose b*u = 3*u + 2484. Let a = u - 151. Is a a prime number?
True
Suppose -13*m - 3*m = 74*m - 6930270. Is m a prime number?
True
Let l = 55302 - -19247. Is l prime?
False
Let m(h) = 27*h**3 - 4*h**2 + 6*h + 13. Let k be m(-5). Is ((-116)/12)/(2*6/k) composite?
True
Let c be -2 - ((-12)/(-30) + (-74)/10). Suppose v = -j + 1453, -4*j - j = -c*v + 7215. Let k = v - 739. Is k composite?
False
Suppose 2*d - 3*o - 455 - 492 = 0, 3*o = 5*d - 2372. Suppose 7*h = -d + 1322. Is h a composite number?
True
Let n = -2557 + 2575. Let t be (150 + 0)/2*1. Let a = n + t. Is a prime?
False
Is (1 - 0) + 18453 - (-4 - (-3 - 4)) composite?
False
Let j(x) = 2826*x**2 - 33*x - 190. Is j(-13) a prime number?
False
Let j = -124 + 126. Is (-18)/j*(-5093)/33 prime?
False
Let p(j) = j**2 - j + 1. Let f be p(0). Let x be (-1373 - f)*((-14)/4)/7. Suppose 0 = 3*n + 60 - x. Is n composite?
True
Let j(q) = -6*q**3 - 60*q**2 - 311*q + 1176. Is j(-77) composite?
True
Let t(x) = 81*x**2 - 13*x + 10. Let k be t(-6). Suppose 0 = 12*o - 8*o - k. Is o composite?
False
Let i be (-30)/(-9 - -4) + -2. Suppose i*j + 24 = 3*q, -2*j + 5*q - 10 = 4*q. Is j + ((-344)/(-4) - -4) composite?
True
Let y be (20832896/(-96))/(2/(-3)). Suppose 28*u + y = 42*u. Is u a composite number?
False
Let u(r) = -12*r - 2. Let a be u(2). Let o = -24 - a. Suppose 0 = -h + 5*w + 156, o*h + w - 257 = -0*h. Is h a composite number?
False
Let i be (-6)/16 - 16702425/(-600). Suppose -i - 15273 = -18*j. Is j composite?
True
Let t be (9/3)/((-6)/7902). Let n = t + 5900. Is n composite?
False
Suppose -n = -3*r + 13114, -2*r + 279*n = 276*n - 8731. Is r a prime number?
True
Is (71958/(-24))/((-11)/44) a composite number?
True
Suppose -274433 + 1147914 = 3*w - 5*y, w - 291147 = 5*y. Is w composite?
False
L